4). Calculate the highest common factor of g and 38.
38
Suppose 0 = -4*n, 4*n = -29*y + 30*y - 117. Calculate the greatest common factor of y and 11817.
117
Let u(o) = o**2 - 28*o - 114. Let i be u(32). What is the greatest common divisor of i and 33334?
14
Let j = 60 - 49. Suppose -17*y = -14*y. Suppose y = 4*m - 46 + 2. What is the highest common factor of m and j?
11
Let z be ((-5)/(25/(-6)))/(27/720). Suppose -c = 7 - z. Calculate the highest common factor of 10 and c.
5
Let h be (-23 + 17 + (-6)/(-9))*-18. What is the greatest common divisor of h and 618?
6
Suppose 6650 = -8*b + 11642. Suppose -h + 45 = s, 201 = 4*h + s - 4*s. What is the greatest common divisor of h and b?
48
Suppose -249*s - 6762 = -318*s. What is the highest common divisor of s and 714?
14
Suppose -23*b + 4344 + 2004 = 0. Calculate the greatest common factor of b and 36.
12
Suppose 6*x - 2*x - 228 = 0. Let p be 633/1 + 18/4*36/(-27). Calculate the highest common divisor of x and p.
57
Suppose 49*h - 35*h = 78*h - 29120. What is the greatest common divisor of 819 and h?
91
Let i be -73*(3 + -4) - -3. Suppose -n = -i + 64. Calculate the highest common divisor of 192 and n.
12
Let p = 102 + -80. Suppose -10 - 5 = 5*f. Let d be 170/(3 + -1) - f. Calculate the highest common divisor of d and p.
22
Suppose 1 = 7*b + 22. Let u(l) = -42*l + 18. Let x be u(b). What is the highest common factor of x and 18?
18
Let p = -72 + 92. Let r(w) = 5*w + 0 - p*w + 9 - 7. Let c be r(-2). Calculate the greatest common divisor of c and 160.
32
Let g(y) = 26*y**3 - 10*y**2 + 71*y - 132. Let b be g(8). What is the greatest common divisor of 116 and b?
116
Let m = 38 - 16. Let u be ((-2)/(-6))/(m/132). Suppose -x = -2*x - 3*d + 14, -4 = -2*x + u*d. What is the highest common divisor of x and 55?
5
Suppose 0 = -6*j - q + 54188, 6638 = 3*j + 4*q - 20442. What is the greatest common factor of 16 and j?
8
Suppose -33489 = 27*j + 44*j - 100584. Calculate the highest common factor of 175 and j.
35
Suppose 11*f - 70 = 128. Let k be (f - 25)*(-6)/14. Let a be 10 + (-1 - (-1 - 2)). Calculate the highest common divisor of k and a.
3
Let q(i) = 728*i + 4347. Let o be q(-5). What is the highest common factor of o and 1111?
101
Let i(s) = -s - 15. Let z be i(-11). Let k be (26/z)/(6/(-12)). Let h be (-2)/4*(175 - 177). What is the highest common divisor of h and k?
1
Suppose -108 = 5*j - 128. Let i = 92 + -91. Calculate the greatest common divisor of j and i.
1
Suppose 0 = 3*r - r - 134. Let j be (603/(-30))/((-32)/320). What is the highest common divisor of j and r?
67
Suppose -3*g - 4*d = -2669, 2*g - 2*d - 451 = 1333. What is the greatest common factor of g and 44?
11
Let j(q) = q**3 + q**2 + q + 1. Let n be j(2). Suppose 0 = -4*t + t - 333. Let h be (-74)/t - 26/(-6). What is the highest common divisor of h and n?
5
Let t = -1132 - -2490. Calculate the highest common divisor of t and 126.
14
Let l = -12412 + 12448. Let y(a) = 27*a**2 - a - 2. Let z be y(-2). Calculate the greatest common divisor of z and l.
36
Suppose 3*j + 29 = 5*x + 2, -5*j - 35 = -5*x. Suppose -45 + 42 = -x*i. What is the highest common divisor of 3 and i?
1
Suppose 5*x = 4*l - 2*l + 30, x - 4*l = 24. Suppose 34 - 226 = -x*w. What is the highest common divisor of w and 48?
48
Let z(a) be the third derivative of a**5/60 + 5*a**4/8 - 23*a**3/3 - 12*a**2. Let x be z(-19). Calculate the greatest common factor of 6 and x.
6
Let l = 5 + -3. Suppose 114 = 5*m + 2*f, 158 = 3*m + 4*f + 84. What is the greatest common divisor of m and l?
2
Let k = 213 + -207. Let j be (28/6)/7 - (-620)/k. What is the highest common factor of 130 and j?
26
Let p = 230 + -215. Suppose -s + 440 = -5*c, -s + p*c - 20*c = -480. What is the greatest common factor of s and 184?
92
Let m(d) = -15*d + 241. Let s = 816 - 805. Let w be m(s). Calculate the greatest common divisor of w and 19.
19
Let i be (-3)/(-24)*2 - 1757/(-28). Let x be (96/56)/((2 - -1)/i). What is the greatest common factor of x and 36?
36
Suppose -2*q - 15*q + 1554 + 1506 = 0. Calculate the greatest common factor of 250 and q.
10
Let t = 2782 + -2592. Let s(n) = 77*n - 1. Let z be s(1). Calculate the greatest common factor of t and z.
38
Let q = 37 + -23. Let z be -32 - ((-7)/q)/((-2)/(-12)). Let v = z - -32. What is the greatest common factor of v and 15?
3
Let q = -99785 + 174509. Calculate the highest common factor of 39 and q.
39
Suppose -2*l + 2*t - 852 = 0, -4*l + 2*l + 5*t - 843 = 0. Let g be 2/(3/l*-1). Let y = 225 - 199. Calculate the greatest common divisor of y and g.
26
Let p = 3529 - -2632. What is the greatest common factor of 505 and p?
101
Let c be 2 + (-3 - 0 - -3). Let w be c/5 + 1339/65. Suppose w = -0*f + f + x, 0 = 5*f - x - 87. Calculate the greatest common divisor of 27 and f.
9
Let v be -2 - (24/(-42))/((-3)/651). Let d be 364/18 + v/567. Calculate the greatest common factor of 16 and d.
4
Suppose 687*h - 7414 = 250*h + 2200. Suppose 0 = p + 2, 5*m - p - 772 = 0. Calculate the greatest common factor of m and h.
22
Let s(w) = w**3 + 19*w**2 - 47*w + 18. Let z be s(4). What is the highest common factor of z and 2211?
33
Let t be 1/(-6) + (-266)/(-12). Let c be (37 - t)*((-6)/10 - -1). Let f = -24 + 27. What is the greatest common factor of f and c?
3
Let x(u) = 18*u**3 - u**2 - 7*u + 14. Let y be x(2). What is the greatest common factor of y and 434?
14
Suppose 36044 = 20*c - 876. Calculate the greatest common factor of 65 and c.
13
Suppose 0 = -0*z - 6*z + 624. Suppose z = -l + 2*l. Let a be 1/(8/2) + (-153)/(-12). What is the highest common divisor of l and a?
13
Let f = -38003 + 38006. Calculate the greatest common factor of 2549 and f.
1
Let n(w) = w**3 + 18*w**2 + 15. Suppose -11*p + 9 = -20*p. Let q be (8/16)/(0 - p/(-36)). Let i be n(q). Calculate the highest common factor of i and 135.
15
Let v be -1 - -5 - 15/(15/26). Let y be 67 + (v/(-2) - 6). What is the greatest common divisor of y and 24?
24
Suppose 95*j - 103*j + 2080 = 0. Suppose -3*n = -8*n + j. Calculate the highest common factor of n and 16.
4
Let q = -45909 + 65169. What is the highest common divisor of q and 135?
45
Let n(m) = 409*m - 16. Let s be n(1). Let j = 602 - s. Let g be (-2)/1 + -2 + 23. Calculate the highest common factor of j and g.
19
Let s = 149 + -130. Let m be s/95 - (-78)/10. Suppose 8 = -2*i - 0*i, -5*i = 3*n - 196. Calculate the highest common divisor of m and n.
8
Let w = 1104 - 987. Suppose 0 = 2*d + 3 - 11. Let n be (d/(-12))/((5/w)/(-5)). Calculate the highest common factor of 312 and n.
39
Let v = 149 + -130. Suppose 5*a + 5*h - 40 = 0, -4*a - 2*h + v = -21. Let l(i) = i**2 - 1. Let t be l(-3). Calculate the greatest common factor of a and t.
4
Suppose -2*w - 2*q + 976 = 0, 0 = 41*q - 36*q + 35. What is the highest common factor of w and 396?
99
Suppose -7*u + 0*u - 16*u + 138 = 0. What is the highest common divisor of u and 3738?
6
Let w be (123 - 14/2)/(1 - 0). Let j = w - -1. What is the greatest common factor of 18 and j?
9
Let y be 4 + -8 + (-1 - -2) - -8. Suppose -2*b + 80 = -4*k, -y*b - 4*k + 203 - 3 = 0. What is the highest common divisor of b and 2?
2
Let d(b) = 4*b + 93. Let p be d(27). Suppose -200*h + p*h - 13 = 0. What is the highest common factor of 13 and h?
13
Suppose -307 = -64*a + 355 - 150. Calculate the highest common factor of a and 11432.
8
Let g be -3 - (-2 - (-32)/12)*-6. What is the highest common factor of g and 211?
1
Let c be (50/6)/(((-396)/702)/(-22)). What is the highest common factor of 104 and c?
13
Let k be (-14 + 15)/((-2)/(-8)). Let a be (-5)/(-1 + 2/k). What is the greatest common divisor of 170 and a?
10
Let y = -10737 - -13627. What is the greatest common divisor of 10 and y?
10
Suppose 17*a + 3330 = 22*a. Let x = a - 638. Suppose 0 = -2*i + 4*i - 112. Calculate the highest common factor of i and x.
28
Suppose 4*m - z - 3098 = 0, 2415*z = 2418*z - 6. Let c = -15 - -40. What is the highest common divisor of m and c?
25
Let g = -11 + -1. Let x be 0*(-1 + -2)/g. Suppose m + 5 - 23 = x. What is the highest common divisor of 126 and m?
18
Let s(b) = -2*b**3 - 47*b**2 + 18*b - 133. Let w be s(-24). Calculate the highest common factor of w and 12287.
11
Suppose 5*d + 0*d + 9 = b, -d = -2*b + 27. Suppose -336 = 6*m + 174. Let n = 239 + m. What is th